 1034. Is d a prime number?
False
Suppose 5*o - 5 = 15. Suppose -b - 242 = -g - o*b, -4*b = 20. Is g prime?
True
Suppose -28*w + 10844 = -136464. Is w a prime number?
True
Suppose 4*c - 376 = -2*k, 4*c + 711 = 4*k - 5. Suppose 2*g - k = 144. Is g a composite number?
False
Let h(b) = b**3 + 4*b**2 + b + 4. Let y be h(-4). Let g(m) = 19 + y*m + 2*m - m + 3*m. Is g(9) prime?
False
Let c(b) = 12*b**3 - 106*b**2 + 3*b - 28. Is c(19) a prime number?
True
Suppose 15 = a + 12. Suppose -275 = 5*k + 5*y, -4*y + 0*y = a*k + 167. Let j = k - -111. Is j composite?
True
Suppose -8*a + 1213 = -5627. Suppose 0 = 5*y - 2*m - 744 - a, -m = y - 317. Let t = y - -598. Is t composite?
True
Is 1341/1 + 17 + -11 composite?
True
Suppose -713*b - 49287 = -716*b. Is b prime?
False
Let i = 0 - -2. Suppose 46 = i*p + 3*x, 4*p + 0*x = 2*x + 92. Let t = -4 + p. Is t a prime number?
True
Is (9 - 7)*2037/6 a prime number?
False
Let f(k) = 10 + k**2 - 2 + 757*k**3 + 3*k - 758*k**3. Is f(-7) a composite number?
False
Let i = 17205 - -9288. Is i a composite number?
True
Is 748/22*892/8 a prime number?
False
Is 17 - (-1245435)/21 - (-3)/(-7) prime?
False
Suppose 11*m + 5337 - 19384 = 0. Is m composite?
False
Let x(q) = 3*q + 14. Let p be x(-5). Is (p/(-3))/(-1) - 4864/(-3) a prime number?
True
Suppose -5364 = 5*y - 17*y. Is y composite?
True
Suppose 6*n - 5823 - 4563 = 0. Is n a prime number?
False
Let b be (-2)/(-18) + (-368)/72. Is 2016/60 - 2/b composite?
True
Let u = 42362 + -25639. Is u composite?
True
Let n be 2/(-8) - (-90)/40. Suppose -n*v + 2*l - 3*l = -823, v - 5*l = 384. Is v a composite number?
False
Let w(m) be the third derivative of m**4/24 - 2*m**3/3 - 4*m**2. Let y be w(5). Is (y - -21)/(2/19) prime?
False
Suppose -5*i = -2*d - 19, 7 = 3*i + 2*d + 2. Suppose -5*b = -b + 3*m - 8, 2*b - 3*m = 4. Suppose 91 = v + b*u, 5*v - i*u + 221 = 650. Is v prime?
False
Let z(p) = -p**3 - 7*p**2 - 3*p - 2. Let a be ((-39)/9)/((-6)/18). Suppose -5*u + 3*o = 20, 4*u = -3*o + 6*o - a. Is z(u) a prime number?
True
Suppose 3*n + 159 = 5*w - 118, 346 = -4*n - 5*w. Let q = n + 406. Is q prime?
True
Let g = -30 + 35. Suppose 2*q - 160 = 3*y, 58 = q + g*y - y. Is q prime?
False
Let b be (12/8 - 2)*-530. Suppose -3*x + b = -77. Suppose 0 = -r - r + x. Is r prime?
False
Let b(v) = -v**3 - v**2. Let n be ((-1 - -3) + -2)/1. Let x be b(n). Suppose -4*k + 0*d + 3*d = -154, -5*d - 10 = x. Is k a composite number?
False
Let r be (3/9)/((-71)/24 + 3). Let t(b) = -7*b + 3. Let i(p) = -28*p + 12. Let c(u) = 2*i(u) - 9*t(u). Is c(r) composite?
False
Is (147588/30 - 1)*5 prime?
True
Let t = 3491 - -446. Is t a composite number?
True
Is (1/3)/(5/82785) a composite number?
False
Let p = 9 - 3. Suppose -d + 4*d - p = 0. Suppose -d*f + 74 + 0 = 0. Is f composite?
False
Let m(b) = 3*b**3 - 40*b**2 + 143*b + 27. Is m(28) a prime number?
False
Suppose 2598 = 6*q - 102. Is (-5)/((-15)/(-12)) + q a composite number?
True
Let r(t) = 82*t + 8. Let y be (-1)/(20/(-12)*(-2)/(-10)). Is r(y) prime?
False
Let m(k) = -2*k**3 - 5*k**2 + 5*k + 1. Let g be m(-5). Suppose 0 = 2*x - 103 - g. Let n = 185 - x. Is n a composite number?
False
Suppose 6*h + 8 - 32 = 0. Let u(s) = -s**3 + 6*s**2 - 4*s - 2. Let x be u(5). Is (x - (-166)/h)*6 a composite number?
True
Let o(p) = 2*p - 4. Let j be o(10). Let f be (j/6)/((-3)/(-18)). Suppose -w + f = 3. Is w prime?
True
Let k(c) = 3*c**2 - c - 1. Let v be k(-1). Suppose -6*s + v*s = -o - 2084, 0 = -4*s - 5*o + 2785. Is s a composite number?
True
Suppose -3*k = -11*k. Let l(o) = -2*o + 59. Is l(k) composite?
False
Let q(x) = x**3 + x**2 - 60. Let a be q(0). Let w = a + 19. Let t = w - -376. Is t composite?
True
Suppose 0 = 11*f - 20*f + 12249. Is f prime?
True
Suppose -a - 2 = m, -5*a + 10 = -4*m - m. Let x be (-1266 - a)/(6/(-4)). Let l = -463 + x. Is l a prime number?
False
Let d(q) = -q**2 + q. Let z be d(2). Is 1694 - (-6)/(-3) - (z + 1) composite?
False
Suppose 0 = -114*s + 125*s - 185273. Is s composite?
False
Suppose 19*w - 141554 - 273387 = 0. Is w a composite number?
False
Suppose 24535 = 17*r + 18*r. Is r a composite number?
False
Let f = -4202 + 8403. Is f a prime number?
True
Suppose 9*f = -2*g + 10*f + 5929, -4*f - 14821 = -5*g. Is g a composite number?
True
Suppose 1582 = -185*v + 187*v. Is v composite?
True
Suppose -16*f + 17*f - 1 = 0. Is (38 - -1865)/(-1 + f*2) a composite number?
True
Let g = 655 + -312. Suppose 2*p = -2*p + 2376. Let z = p - g. Is z a prime number?
True
Let h = -73 - -57. Let b(y) = -60*y - 39. Is b(h) prime?
False
Suppose 5*l - 72 + 17 = 5*h, -2*h = 2*l + 2. Let x(n) = n + 3. Let k be x(h). Is -2 - (-60 + k)/3 a composite number?
False
Let q(u) = 11*u - 2. Let f(v) = v**3 - 6*v**2 - v + 7. Let c be f(6). Let l be q(c). Is (l/(-27))/(2/(-534)) prime?
True
Suppose 0 = 3*o - 3*h - 4707, -2*h + 5*h = o - 1559. Suppose -3*y - 173 = -o. Is y a composite number?
False
Is 740865/19 + (-1 - (-252)/228) a composite number?
False
Let n be 6/27 + (-512)/36. Let o(y) = -y**3 - 14*y**2 - 2*y - 21. Let k be o(n). Is 51*(-3)/((-9)/k) a prime number?
False
Let k(j) = j**3 - j**2 - j + 1. Let g(q) = -q**3 + 6*q**2 + 6*q + 7. Let l be g(7). Let i be k(l). Is i + (-12)/(-2)*9 a composite number?
True
Suppose w - 2*w - 770 = 0. Let x = 3814 + w. Suppose 2*y + 2*y - x = 0. Is y a composite number?
False
Let u(v) = -9*v**3 + v**2. Let j be u(-1). Let m be (-2)/j - 48438/(-15). Suppose 0*w - 2*r = 5*w - m, 3*w - 2*r - 1947 = 0. Is w prime?
True
Suppose -9858 - 7021 = -u. Is u a prime number?
True
Let v(k) = k + 27. Let y be v(-18). Let o(c) = 5*c**2 + 27*c - 13. Is o(y) composite?
True
Suppose 0 = -5*y + 5*d, -5*d - 1 = 4*y - 10. Is ((-4197)/(-9))/(y/3) prime?
True
Let f(o) = -10*o**3 - 4*o**2 - 3*o - 4. Let p be f(-3). Suppose 2*q - p = 207. Suppose -q = 10*r - 11*r. Is r prime?
True
Let k(q) = -q**3 + 8*q**2 + 12*q - 11. Let o be k(8). Suppose 0 = -5*a + 4*p + 2, -a - 5*p = -3*a - 6. Suppose a*j = j + o. Is j composite?
True
Suppose 596154 = 73*d - 47*d. Is d composite?
True
Let c(x) = 97 + 83*x - 44*x - 37*x. Is c(0) a composite number?
False
Let y = 21993 - 8684. Is y prime?
True
Let c(s) = 27*s - 1. Let r be c(-1). Let g = -15 - r. Is g prime?
True
Is (1 + -2)/(465201/116301 - 4) composite?
False
Let o = 109 - 28. Let u be (-141*2/3)/2. Let q = o + u. Is q prime?
False
Let w(g) be the second derivative of -g**5/20 - 2*g**4/3 - g. Let y be w(-8). Suppose 3*d + 0*d - 471 = y. Is d prime?
True
Suppose -3*s = 23*s - 131326. Is s a prime number?
True
Suppose 11*m + 7*m = 53766. Is m composite?
True
Let v(z) = -z**3 + 5*z**2 + 3*z + 2. Let t be v(5). Let o = t + -15. Suppose 0 = -o*g + g + 1141. Is g a composite number?
True
Let s = 37985 - -2324. Is s prime?
False
Suppose -79329 - 35415 = -56*r. Is r prime?
False
Let o(d) = d**3 + 18*d**2 - 2*d + 2. Let t be o(-18). Suppose 2*s - t = 558. Is s prime?
False
Let m(l) = -3*l**3 + l + 2. Let f be m(2). Let k = f - 19. Is k*(10/6 + -2) a composite number?
False
Let a be 11/(-77) + (-170)/(-14). Let c = -19 + a. Is (-694)/(-8) + c/(-28) a composite number?
True
Is (5 - (-144)/(-30)) + (-246456)/(-20) a prime number?
True
Let w(d) = -d**3 - 13*d**2 + 13*d - 7. Let b be w(-14). Let p = b + 19. Is p prime?
False
Let z = -233 + 526. Is z a composite number?
False
Suppose 3*d + 2*d + 29700 = 0. Let j be d/(-70) + (-2)/(-14). Suppose j = 3*z - 518. Is z prime?
False
Let d(w) = -918*w + 67. Is d(-35) prime?
False
Let i(h) = 3 - h**3 + 1 + 2*h**2 + 2*h - 1. Is i(-4) a prime number?
False
Suppose -m + 665 - 108 = 0. Suppose 26 = -2*y + 694. Let n = m - y. Is n prime?
True
Suppose 7 = -r - 14. Is (r/(-7))/(3/77) prime?
False
Suppose 5*h = 2*z + 3*h - 9998, -5*h = -4*z + 19996. Is z a composite number?
False
Let m = 9970 - 5819. Is m a prime number?
False
Let m(i) = -i**2 + 4*i + 7. Let y be m(6). Is y/(25/20) - -1287 a composite number?
False
Let u be ((-55)/22)/(2/(-1532)). Suppose 2*f = -4*i + 1278, -3*f + 6*f - u = -5*i. Let r = f - 100. Is r prime?
False
Let d = -110771 - -173950. Is d prime?
True
Let z = 6 + -3. Suppose 0*f - 2*f - z*v - 6 = 0, -v - 2 = -2*f. Suppose -r - k + 5*k + 37 = 0, 2*r + 5*k - 22 = f. Is r a prime number?
False
Suppose 4*i + 5092 = 4*d, 4*d - 5100 = 2*i - 0*i. Is d a prime number?
True
Suppose 2*g +